{"id":1191,"date":"2020-04-16T16:32:35","date_gmt":"2020-04-16T14:32:35","guid":{"rendered":"http:\/\/brigittedeleclusephotographe.fr\/?page_id=1191"},"modified":"2020-04-20T11:19:54","modified_gmt":"2020-04-20T09:19:54","slug":"scolaire","status":"publish","type":"page","link":"https:\/\/brigittedeleclusephotographe.fr\/?page_id=1191","title":{"rendered":"Scolaire"},"content":{"rendered":"<p>[vc_row][vc_column width=&#8221;1\/1&#8243;][rv_custom_heading level=&#8221;h2&#8243; type=&#8221;center&#8221; el_class=&#8221;&#8221;]L&#8217;art \u00e0 l&#8217;\u00e9cole[\/rv_custom_heading][\/vc_column][\/vc_row][vc_row][vc_column width=&#8221;1\/1&#8243;][rv_text_output el_class=&#8221;&#8221;]<\/p>\n<h4 style=\"text-align: left;\">Je r\u00e9alise les photos \u00e0 l&#8217;\u00e9cole : les traditionnelles <strong>photos de groupe et les photos individuelles<\/strong>, prises sur le vif dans les classes. Chaque enfant est dans son \u00e9l\u00e9ment et travaille lorsque je prends les photos.<\/h4>\n<p>[\/rv_text_output][\/vc_column][\/vc_row][vc_row][vc_column width=&#8221;1\/2&#8243;][rv_text_output el_class=&#8221;&#8221;]<strong>Photos individuelles et fratries<\/strong>[\/rv_text_output][rv_gallery layout=&#8221;columns&#8221; columns=&#8221;1197&#8243; columns_slides=&#8221;2&#8243;][\/vc_column][vc_column width=&#8221;1\/2&#8243;][rv_text_output el_class=&#8221;&#8221;]<\/p>\n<p style=\"text-align: center;\"><strong>Photo de classe avec trombinoscope<\/strong><\/p>\n<p>[\/rv_text_output][rv_image size=&#8221;reeal-xlarge&#8221; title=&#8221;&#8221; image=&#8221;1234&#8243; alt=&#8221;&#8221; href=&#8221;&#8221; id=&#8221;&#8221; el_class=&#8221;&#8221;][rv_text_output el_class=&#8221;&#8221;]&nbsp;<\/p>\n<p>&nbsp;<\/p>\n<p style=\"text-align: center;\"><strong>Photo de classe classique<\/strong><\/p>\n<p>[\/rv_text_output][rv_image size=&#8221;reeal-xlarge&#8221; title=&#8221;&#8221; image=&#8221;1235&#8243; alt=&#8221;&#8221; href=&#8221;&#8221; id=&#8221;&#8221; el_class=&#8221;&#8221;][rv_text_output el_class=&#8221;&#8221;]&nbsp;<\/p>\n<p>&nbsp;<\/p>\n<p style=\"text-align: center;\"><strong><em>Et m\u00eame les enfants qui font l&#8217;\u00e9cole \u00e0 la maison ont le droit d&#8217;avoir <\/em><em>leur photo de classe avec leur ma\u00eetresse !<\/em><\/strong><\/p>\n<p>[\/rv_text_output][rv_image size=&#8221;reeal-xlarge&#8221; title=&#8221;&#8221; image=&#8221;1210&#8243; alt=&#8221;&#8221; href=&#8221;&#8221; id=&#8221;&#8221; el_class=&#8221;&#8221;][\/vc_column][\/vc_row]<\/p>\n","protected":false},"excerpt":{"rendered":"<p>[vc_row][vc_column width=&#8221;1\/1&#8243;][rv_custom_heading level=&#8221;h2&#8243; type=&#8221;center&#8221; el_class=&#8221;&#8221;]L&#8217;art \u00e0 l&#8217;\u00e9cole[\/rv_custom_heading][\/vc_column][\/vc_row][vc_row][vc_column width=&#8221;1\/1&#8243;][rv_text_output el_class=&#8221;&#8221;] Je r\u00e9alise les photos \u00e0 l&#8217;\u00e9cole : &#8230; <\/p>\n","protected":false},"author":1,"featured_media":0,"parent":0,"menu_order":0,"comment_status":"closed","ping_status":"closed","template":"","meta":{"ngg_post_thumbnail":0,"footnotes":""},"class_list":["post-1191","page","type-page","status-publish","hentry"],"_links":{"self":[{"href":"https:\/\/brigittedeleclusephotographe.fr\/index.php?rest_route=\/wp\/v2\/pages\/1191","targetHints":{"allow":["GET"]}}],"collection":[{"href":"https:\/\/brigittedeleclusephotographe.fr\/index.php?rest_route=\/wp\/v2\/pages"}],"about":[{"href":"https:\/\/brigittedeleclusephotographe.fr\/index.php?rest_route=\/wp\/v2\/types\/page"}],"author":[{"embeddable":true,"href":"https:\/\/brigittedeleclusephotographe.fr\/index.php?rest_route=\/wp\/v2\/users\/1"}],"replies":[{"embeddable":true,"href":"https:\/\/brigittedeleclusephotographe.fr\/index.php?rest_route=%2Fwp%2Fv2%2Fcomments&post=1191"}],"version-history":[{"count":23,"href":"https:\/\/brigittedeleclusephotographe.fr\/index.php?rest_route=\/wp\/v2\/pages\/1191\/revisions"}],"predecessor-version":[{"id":1239,"href":"https:\/\/brigittedeleclusephotographe.fr\/index.php?rest_route=\/wp\/v2\/pages\/1191\/revisions\/1239"}],"wp:attachment":[{"href":"https:\/\/brigittedeleclusephotographe.fr\/index.php?rest_route=%2Fwp%2Fv2%2Fmedia&parent=1191"}],"curies":[{"name":"wp","href":"https:\/\/api.w.org\/{rel}","templated":true}]}}

<p>[vc_row][vc_column width=&#8221;1/1&#8243;][rv_custom_heading level=&#8221;h2&#8243; type=&#8221;center&#8221; el_class=&#8221;&#8221;]L&#8217;art à l&#8217;école[/rv_custom_heading][/vc_column][/vc_row][vc_row][vc_column width=&#8221;1/1&#8243;][rv_text_output el_class=&#8221;&#8221;]</p>
<h4 style="text-align: left;">Je réalise les photos à l&#8217;école : les traditionnelles <strong>photos de groupe et les photos individuelles</strong>, prises sur le vif dans les classes. Chaque enfant est dans son élément et travaille lorsque je prends les photos.</h4>
<p>[/rv_text_output][/vc_column][/vc_row][vc_row][vc_column width=&#8221;1/2&#8243;][rv_text_output el_class=&#8221;&#8221;]<strong>Photos individuelles et fratries</strong>[/rv_text_output][rv_gallery layout=&#8221;columns&#8221; columns=&#8221;1197&#8243; columns_slides=&#8221;2&#8243;][/vc_column][vc_column width=&#8221;1/2&#8243;][rv_text_output el_class=&#8221;&#8221;]</p>
<p style="text-align: center;"><strong>Photo de classe avec trombinoscope</strong></p>
<p>[/rv_text_output][rv_image size=&#8221;reeal-xlarge&#8221; title=&#8221;&#8221; image=&#8221;1234&#8243; alt=&#8221;&#8221; href=&#8221;&#8221; id=&#8221;&#8221; el_class=&#8221;&#8221;][rv_text_output el_class=&#8221;&#8221;]&nbsp;</p>
<p>&nbsp;</p>
<p style="text-align: center;"><strong>Photo de classe classique</strong></p>
<p>[/rv_text_output][rv_image size=&#8221;reeal-xlarge&#8221; title=&#8221;&#8221; image=&#8221;1235&#8243; alt=&#8221;&#8221; href=&#8221;&#8221; id=&#8221;&#8221; el_class=&#8221;&#8221;][rv_text_output el_class=&#8221;&#8221;]&nbsp;</p>
<p>&nbsp;</p>
<p style="text-align: center;"><strong><em>Et même les enfants qui font l&#8217;école à la maison ont le droit d&#8217;avoir </em><em>leur photo de classe avec leur maîtresse !</em></strong></p>
<p>[/rv_text_output][rv_image size=&#8221;reeal-xlarge&#8221; title=&#8221;&#8221; image=&#8221;1210&#8243; alt=&#8221;&#8221; href=&#8221;&#8221; id=&#8221;&#8221; el_class=&#8221;&#8221;][/vc_column][/vc_row]</p>

<p>[vc_row][vc_column width=&#8221;1/1&#8243;][rv_custom_heading level=&#8221;h2&#8243; type=&#8221;center&#8221; el_class=&#8221;&#8221;]L&#8217;art à l&#8217;école[/rv_custom_heading][/vc_column][/vc_row][vc_row][vc_column width=&#8221;1/1&#8243;][rv_text_output el_class=&#8221;&#8221;] Je réalise les photos à l&#8217;école : &#8230; </p>
